nd 297821776.
1904
What is the highest common divisor of 414 and 69057546?
138
What is the greatest common factor of 30124800 and 10800?
3600
What is the greatest common divisor of 95514 and 1158?
6
What is the greatest common divisor of 68148998 and 643?
643
What is the greatest common divisor of 371066255 and 721?
721
What is the greatest common divisor of 166367 and 79789?
73
What is the highest common divisor of 131415 and 3165?
15
Calculate the greatest common divisor of 6928 and 9340.
4
What is the greatest common divisor of 333986 and 6027?
41
Calculate the greatest common factor of 14085790 and 687.
229
Calculate the greatest common divisor of 43650 and 13667688.
1746
Calculate the greatest common divisor of 53500 and 495500.
500
Calculate the greatest common divisor of 289095894 and 372.
186
Calculate the highest common factor of 1593 and 366093.
27
Calculate the greatest common divisor of 117995934 and 161.
161
Calculate the greatest common divisor of 16929 and 228646.
209
What is the greatest common divisor of 72397 and 832?
13
What is the greatest common factor of 14145 and 32325015?
615
Calculate the highest common divisor of 515 and 770635.
5
What is the greatest common factor of 15554 and 17978?
202
What is the greatest common factor of 47114670 and 40?
10
Calculate the greatest common divisor of 87533 and 407042.
271
What is the greatest common divisor of 4491104734 and 278?
278
Calculate the highest common divisor of 451220 and 1818740.
1540
Calculate the highest common factor of 66325 and 43525118.
2653
Calculate the highest common factor of 108 and 25414803.
27
Calculate the greatest common divisor of 6475 and 103985.
35
Calculate the highest common divisor of 64347 and 2467881.
267
What is the greatest common factor of 10224200 and 1238240?
4360
What is the highest common divisor of 403065 and 46800?
585
What is the highest common factor of 124 and 30986?
2
Calculate the highest common factor of 2184024 and 1377.
51
What is the greatest common divisor of 37 and 114992411?
37
Calculate the highest common divisor of 2384962 and 13622.
278
What is the greatest common divisor of 133844 and 824?
4
What is the greatest common divisor of 483414 and 4899?
69
Calculate the highest common divisor of 1961452 and 32.
4
What is the greatest common factor of 154141 and 392951?
2171
What is the highest common factor of 17187560 and 104?
104
What is the highest common divisor of 20080286 and 28312?
7078
What is the greatest common divisor of 462 and 10429062?
42
What is the greatest common divisor of 10699996 and 8?
4
Calculate the greatest common divisor of 7493683 and 591.
197
What is the highest common factor of 67335 and 1140?
15
Calculate the greatest common divisor of 3967171547 and 433.
433
What is the greatest common factor of 106635851 and 2611?
2611
What is the greatest common divisor of 117 and 25902240?
39
What is the highest common divisor of 8961946 and 98?
14
What is the highest common divisor of 4339345 and 135?
5
What is the greatest common divisor of 36316 and 282662992?
5188
What is the greatest common divisor of 3734 and 436?
2
Calculate the highest common divisor of 2351240 and 46440.
1720
What is the highest common factor of 6323509 and 7672?
137
What is the highest common divisor of 433788 and 793206?
222
Calculate the highest common divisor of 54044601 and 156.
39
What is the greatest common divisor of 684 and 16515864?
684
What is the greatest common factor of 384401 and 1306106?
1429
What is the greatest common divisor of 3478 and 8215036?
3478
What is the greatest common factor of 111132 and 60?
12
Calculate the greatest common factor of 2827384 and 928.
232
Calculate the greatest common divisor of 37185 and 13972515.
1005
What is the highest common factor of 3437091 and 497?
7
What is the highest common divisor of 3807 and 62770140?
81
What is the highest common factor of 34273234 and 389?
389
What is the highest common divisor of 10783184 and 741?
19
Calculate the greatest common divisor of 29340704 and 1184.
1184
What is the highest common divisor of 20593266 and 3408?
426
What is the highest common factor of 77011720 and 80?
40
What is the highest common factor of 119040 and 3798585?
465
Calculate the greatest common factor of 418 and 357542.
38
What is the greatest common divisor of 2350325350 and 2225?
2225
Calculate the highest common divisor of 284 and 343450714.
142
Calculate the greatest common factor of 9613930 and 80.
10
Calculate the highest common factor of 157235 and 74087.
533
What is the greatest common divisor of 3303 and 57045012?
1101
Calculate the highest common factor of 6134337 and 16038.
99
Calculate the highest common factor of 754011 and 225.
9
Calculate the greatest common factor of 23085755 and 12078.
671
Calculate the greatest common divisor of 76 and 140292884.
76
What is the greatest common factor of 260292 and 64476?
2388
What is the highest common divisor of 667 and 79199?
29
Calculate the greatest common divisor of 621728713 and 293.
293
Calculate the greatest common divisor of 16454 and 743894.
866
What is the highest common factor of 14198 and 2186926?
62
What is the greatest common factor of 4606767 and 9?
9
What is the highest common divisor of 7798459 and 948179?
4177
What is the highest common divisor of 4599066 and 498?
6
What is the highest common divisor of 40545832 and 20884?
908
Calculate the highest common factor of 203980630 and 99715.
9065
What is the highest common divisor of 133309281 and 21?
21
Calculate the greatest common factor of 424728 and 92123.
17
What is the highest common divisor of 102 and 15305474?
34
What is the highest common divisor of 515793 and 171?
57
What is the highest common factor of 1156 and 550307?
17
Calculate the greatest common divisor of 672 and 243453.
21
What is the greatest common factor of 2246620 and 130?
10
What is the highest common factor of 2585 and 3927179?
47
What is the highest common factor of 82685196 and 17700?
708
Calculate the greatest common divisor of 55507754 and 306.
34
Calculate the greatest common factor of 48499269 and 47775.
1911
What is the highest common factor of 10735664 and 460?
92
Calculate the highest common factor of 1079 and 797212.
13
What is the greatest common factor of 10478 and 753207?
403
Calculate the highest common divisor of 365 and 30679345.
365
Calculate the highest common factor of 580205 and 6145.
5
Calculate the highest common divisor of 490542 and 855.
57
What is the highest common divisor of 11246589 and 189?
9
Calculate the greatest common divisor of 1136 and 35174323.
71
What is the highest common divisor of 84025 and 620?
5
What is the greatest common divisor of 12903 and 1986501?
561
What is the greatest common factor of 214 and 175706198?
214
What is the greatest common factor of 238 and 6791449?
119
Calculate the greatest common divisor of 66899334 and 42.
6
What is the greatest common divisor of 3230882 and 110?
2
Calculate the highest common factor of 15016562 and 354.
118
Calculate the greatest common factor of 245 and 32004595.
245
Calculate the greatest common factor of 27346 and 1350689.
113
What is the highest common divisor of 204573725 and 100?
25
What is the greatest common factor of 32076060 and 60?
60
What is the highest common factor of 156648 and 25680?
2568
Calculate the highest common divisor of 1677 and 97588629.
129
What is the greatest common divisor of 538505019 and 27?
9
What is the greatest common factor of 77827387 and 1276?
319
What is the greatest common factor of 88 and 624024676?
44
Calculate the highest common divisor of 68355 and 2370570.
465
Calculate the highest common divisor of 126790048 and 4928.
2464
What is the greatest common factor of 3636 and 831272016?
1212
What is the highest common factor of 5994598 and 370928?
478
Calculate the highest common divisor of 2477476 and 5509.
787
What is the greatest common factor of 124485 and 24125?
965
What is the greatest common divisor of 10856 and 38341?
23
Calculate the highest common divisor of 863681 and 2366.
91
What is the greatest common factor of 353418 and 767512?
394
What is the highest common factor of 1341 and 41817?
3
What is the greatest common factor of 855 and 5369571?
171
Calculate th